 factor of a and 55?
5
Let v be 2 - (7 + -5 + -4). Suppose m + v*m - 5*k - 270 = 0, 0 = 4*m - k - 216. What is the highest common divisor of 702 and m?
54
Let j(s) = -s**3 + 51*s**2 - 176*s - 98. Let b be j(36). What is the greatest common factor of 14 and b?
14
Let g be ((-140)/(-8) + -16)*(-80)/(-3) + 2. What is the highest common divisor of g and 7014?
42
Let d = -32 - -34. Suppose 4*h = 0, -d*h = -2*c + 5*c - 150. Suppose -c = -9*f + 4*f. What is the highest common factor of 5 and f?
5
Suppose 41*h - 61127 = 12*h + 124473. What is the greatest common divisor of 600 and h?
200
Let a be 22/8 + 3/12 + 207. Let b be (8/(-3))/((-7)/a). Calculate the highest common divisor of b and 48.
16
Let q(c) = c**3 - 93*c**2 + 97*c - 355. Let n be q(92). What is the greatest common divisor of n and 651?
21
Suppose -3*a + 202 = 40. Suppose 235 = 5*m + 3*l, -m - 5*l + 15 + a = 0. What is the highest common factor of m and 132?
44
Let z = 77 - 42. Let f = -169 - -554. Calculate the highest common factor of z and f.
35
Let r = 337 - 308. Suppose 0 = i + 5*i - 24. Suppose -5*g + x + 345 = -g, -i*x = g - 99. What is the highest common divisor of r and g?
29
Let o = 68 + -24. Let r be (-46)/(-4) - (-9)/18. Suppose 4 = 4*v - r. Calculate the greatest common divisor of v and o.
4
Suppose -24*k + 26*k - 658 = 0. Let j = k + -104. Calculate the greatest common factor of j and 15.
15
Let c(v) = 2*v**3 - 2*v**2 + 8*v - 2. Suppose 3*n - 13 = -4. Let t be c(n). What is the highest common factor of 290 and t?
58
Let y(a) = -a**3 - 5*a**2 - 2*a + 7. Let g be y(-5). Let d = 147 + 40. What is the highest common divisor of g and d?
17
Let p(o) be the first derivative of 8*o**3/3 - o**2 - o + 497. Let v = -3 + 2. Let u be p(v). Calculate the highest common factor of u and 63.
9
Let q = -68 - 373. Let g = -430 - q. What is the greatest common divisor of 143 and g?
11
Suppose 5*p - 4*s + 8*s - 313 = 0, p = 2*s + 57. What is the greatest common divisor of 4087 and p?
61
Let k(z) = 2*z**2 - 8*z + 4. Let y be k(5). Let i be (2/(-2))/(318/315 + -1). Let d = i - -126. What is the highest common factor of d and y?
7
Let h be 1/((-38196)/7641 - -5). Calculate the highest common divisor of 6 and h.
3
Suppose -2*d - 2*c = -272, 28*c - 31*c + 142 = d. Calculate the highest common factor of 14 and d.
7
Let z(k) = 20*k**2 + 4*k - 1. Let w be z(2). Let q = w - 61. Suppose -3*j - 5*g + 205 = 0, 5*j + g = 128 + 199. Calculate the highest common factor of j and q.
13
Let s(g) = 2*g + 17. Let c be s(-6). Let l = 421 - 406. Calculate the greatest common factor of l and c.
5
Let r(s) = -s**3 - 22*s**2 - 42*s - 26. Let x be r(-20). Let f be 4/x + 192/21*12. Calculate the highest common factor of f and 40.
10
Let t = 5696 + -5671. Calculate the highest common factor of t and 45.
5
Let l = -11174 - -11520. Calculate the greatest common divisor of l and 10553.
173
Suppose 93*n - 531 - 5514 = 0. Suppose -w + 5*f = -5, -42 - 29 = -5*w + 2*f. Calculate the highest common divisor of n and w.
5
Let q(i) = i**2 + 37*i + 383. Let f be q(-16). Calculate the highest common factor of f and 3008.
47
Let d = -27 - -36. Suppose -d = 8*m - 1. Let t(u) = 29*u**2 + 3*u + 2. Let b be t(m). What is the highest common divisor of 70 and b?
14
Suppose 11*n = 12 + 10. Suppose -18 = n*d - 24. Calculate the highest common divisor of d and 5.
1
Let j = 14 + -10. Let h be j/(-16) - 309/(-4). Suppose -2*z + 16 = t - 1, -4*t - z = -33. Calculate the greatest common factor of t and h.
7
Let q = -168 + 168. Suppose q = 3*c - 3*k - 104 - 43, -c + 2*k = -52. What is the greatest common factor of c and 2?
2
Let r(p) = -7*p**3 + 110*p**2 + 51*p + 20. Let l be r(16). What is the greatest common factor of l and 999?
27
Let o(v) = 2*v - 16. Let l be o(16). Suppose 0 = 3*w - 91 + l. Suppose -5*m - w = 0, 2*k + m = 3*k - 49. Calculate the highest common factor of 22 and k.
22
Let x be -30 - -5 - (-23 - 3450). What is the greatest common factor of x and 24?
8
Let b be 17 + 5335 - (-25 + 22). What is the highest common factor of b and 952?
119
Let u = -72 + 248. Suppose -u = -22*r + 22. What is the greatest common divisor of r and 3?
3
Let x be 12/(-16)*(-195156)/81. What is the highest common divisor of x and 417?
139
Suppose 0 = 10*r - 100 + 20. Let a(f) = -2*f + 19. Let o be a(r). Suppose -5*p - o*y + 234 = -0*y, p + y = 48. What is the greatest common factor of 18 and p?
9
Suppose -9*x = -3819 + 3135. Suppose -388 = -4*s - 6*b + 4*b, -4 = -2*b. Let l = s - x. Calculate the highest common factor of 160 and l.
20
Let t = 20 - -28. Suppose -4*c - t = -5*s, 3*s + s - 4*c - 36 = 0. Calculate the greatest common factor of s and 372.
12
Let y = -16251 + 16503. What is the greatest common divisor of 1152 and y?
36
Let x be ((-1)/1)/((48/(-40))/6). Suppose 5*w + 3*k = -0*k + 231, -4*w - x*k + 177 = 0. Calculate the greatest common factor of w and 36.
12
Let q = -11222 - -22391. What is the highest common factor of q and 51?
51
Let w(k) = 35*k - 6. Let y be w(-2). Let l = -13 - y. Calculate the highest common factor of 7 and l.
7
Let f(a) = 6*a + 68. Let n be f(-10). Suppose 0*s - 4*s = 5*z - 11, 10 = 4*z + 2*s. Let j be 24 + z + (0 - 3). Calculate the highest common factor of j and n.
8
Suppose 49*l - 1095 = 277. Suppose 733 = 9*z - 3299. Calculate the highest common divisor of l and z.
28
Suppose -7 = k - 5*h + 2, -5*k + 33 = h. Let i be (1/3)/((k/3)/138). Suppose i = 4*m + 15. Calculate the highest common factor of m and 2.
2
Let j(m) = -46*m - 2. Let p be j(-3). Let b be (-14)/63 - (-3565)/207. Calculate the greatest common divisor of b and p.
17
Let a(u) = -3*u**2 + 7*u + 6. Let w be a(4). Let i be w*(87/(-6) + -1). What is the greatest common divisor of i and 7?
7
Let c(s) = 4*s**2 - 9*s - 7. Let q be c(3). Suppose v - 62 = -2*k + 80, 3*k + q*v = 212. What is the highest common divisor of k and 54?
18
Let v be (8/4 - 3)/((-2)/(-178)). Let u = 175 + v. Suppose 10*l = 12*l - u. Calculate the greatest common divisor of l and 387.
43
Suppose -200 = 23*v - 28*v. Let j = v - 11. What is the highest common divisor of j and 116?
29
Let n be (489 + (3 - 16))*2. What is the highest common divisor of 1 and n?
1
Suppose 3*v - 347 = -2*p, -35*v = -33*v - 2. What is the greatest common factor of 516 and p?
172
Let a be (88/66)/(3/(-126)). Let x be 5/(0 - 5) - a. Calculate the highest common factor of 1045 and x.
55
Suppose i = -a + 89, 0 = -i - 4*a + 63 + 35. Suppose -3*t - 2*m + 94 = 0, -4*m = -0*t + 3*t - i. Calculate the highest common factor of 1360 and t.
34
Suppose -144 = 19*b - 91*b. Let z be -2 - (-3 + -2 + 3). Suppose z = -5*f - 54 + 164. Calculate the highest common factor of f and b.
2
Let y = -440 - -450. Suppose 3*t - 20 = -5*a + 4, a + 4*t = 15. Let m be (-6)/(-2) + 50 - a. Calculate the highest common factor of m and y.
10
Let h be (-4)/(-22)*(114 - -7). Calculate the highest common divisor of 2200 and h.
22
Suppose -l - a + 61 = -47, 0 = 4*l + 5*a - 435. Let g = l - -35. Suppose 76 - 16 = 3*p. Calculate the highest common factor of g and p.
20
Let t(a) = 238 + 3*a - a - 7. Let p be t(34). Calculate the greatest common factor of 92 and p.
23
Let h = -13613 + 14723. What is the highest common divisor of 570 and h?
30
Let z = -27 - -38. Suppose 11 = 4*j + z. Suppose j = b - t - 14, 4*b - t = t + 52. What is the greatest common factor of b and 24?
12
Let r be (-1 - 528/(-36))/((-1)/(-42)). Suppose -656 = -4*q - 0*q. Calculate the greatest common factor of r and q.
82
Let g = -19436 - -20085. What is the highest common factor of g and 484?
11
Suppose 0*w - 91*w = -1183. What is the highest common factor of w and 6071?
13
Let l(v) = 1721*v - 1115. Let k be l(13). What is the greatest common factor of k and 18?
18
Let g = -1215 - -1696. What is the greatest common factor of g and 259?
37
Let w(d) = -7*d + 5. Let r be w(-11). Suppose 77*i = r*i - 15. Suppose -i*k = -2*k - 2. What is the highest common divisor of k and 6?
2
Suppose 4*h - 3*a - 59 + 6 = 0, -1 = h + 4*a. Suppose -82 - 182 = -h*g. Calculate the greatest common divisor of 304 and g.
8
Let g = -614 + 1373. What is the highest common divisor of g and 44?
11
Let j = -151701 + 151764. Suppose -5*h + 108 = 18. Calculate the greatest common factor of h and j.
9
Suppose 9*a + 24*a + 2*a 